{"id":206,"date":"2024-06-22T14:40:49","date_gmt":"2024-06-22T14:40:49","guid":{"rendered":"https:\/\/bogrudeliksulama.org.tr\/?page_id=206"},"modified":"2025-06-03T12:43:05","modified_gmt":"2025-06-03T12:43:05","slug":"hakkimizda","status":"publish","type":"page","link":"https:\/\/bogrudeliksulama.org.tr\/index.php\/hakkimizda\/","title":{"rendered":"HAKKIMIZDA"},"content":{"rendered":"\n<p>         Kooperatifimiz 1986 y\u0131l\u0131nda 15 kurucu \u00fcye ile kuruldu. Birtak\u0131m \u00f6nyarg\u0131lara ra\u011fmen \u00e7al\u0131\u015fmalar\u0131n\u0131 devam ettiren ilk Y\u00f6netim Kurulu 1987 y\u0131l\u0131ndan bu yana kuyular\u0131n a\u00e7\u0131lmas\u0131, enerji  nakil hatlar\u0131n\u0131n \u00e7ekilmesi, pompalar\u0131n kuyulara montaj\u0131, k\u0131smen sulama kanallar\u0131n\u0131n yap\u0131lmas\u0131 ile 1993  y\u0131l\u0131nda 9 adet sulama kuyusu ile 5000 dekar sulama alan\u0131nda  topra\u011f\u0131 suya kavu\u015fturdu. <\/p>\n\n\n\n<p>         1995 y\u0131l\u0131nda 2. k\u0131s\u0131m sulama projesi kapsam\u0131nda 9 adet kuyu 5000 dekar arazinin sulanmas\u0131 ile ilgili fizibilite raporlar\u0131 haz\u0131rlanarak kuyular\u0131n a\u00e7\u0131lma ihalesi yap\u0131ld\u0131. 1999 y\u0131l\u0131nda kuyular a\u00e7\u0131l\u0131p enerji nakil hatlar\u0131 tamamlanarak pompalar kuyulara monte edilerek kuyu  say\u0131s\u0131 18&#8217;e ve sulama alan\u0131 10.000 dekara y\u00fckseltildi. <\/p>\n\n\n\n<p><\/p>\n\n\n\n<p><\/p>\n\n\n\n<p class=\"has-text-align-left\">\u00c7al\u0131\u015fmalar durmad\u0131. 2001 y\u0131l\u0131nda 3. k\u0131s\u0131m sulama sahas\u0131nda fizibilite raporlar\u0131 haz\u0131rlanarak 6 adet sondaj kuyusu 2002 y\u0131l\u0131nda a\u00e7\u0131ld\u0131. A\u00e7\u0131lan kuyular\u0131n \u00fc\u00e7\u00fcnde su al\u0131namad\u0131. Bu safhada kooperatif saha i\u00e7erisinde 2003 y\u0131l\u0131nda a\u00e7t\u0131\u011f\u0131 kuyudan 32lt\/sn su al\u0131nca suyun derinde oldu\u011fu ve a\u00e7\u0131lan kuyular\u0131n y\u00fczeyde kald\u0131\u011f\u0131 gerek\u00e7esi ile D.S.\u0130 taraf\u0131ndan 2006 y\u0131l\u0131nda bir test kuyusu 140 mt a\u00e7\u0131larak su al\u0131nmam\u0131\u015f 45 mt sondaj maliyeti kooperatifimiz taraf\u0131ndan kar\u015f\u0131lanarak 185mt a\u00e7\u0131lan kuyudan 18lt\/sn su al\u0131nd\u0131. 3. k\u0131s\u0131m sulama sahas\u0131nda gerekli olan 300 lt\/sn sulama suyunun tamamlanabilmesi i\u00e7in yap\u0131lan giri\u015fimler sonu\u00e7 vermedi\u011finden 4 adet kuyu 175lt\/sn toplam debideki kuyular\u0131n \u00d6.D.S kapsam\u0131nda kapal\u0131 ya\u011fmurlama sisteminde s\u00f6zle\u015fmeler imzaland\u0131. Kooperatifimizin a\u00e7m\u0131\u015f oldu\u011fu 32 lt\/sn su al\u0131nan kuyu D.S.\u0130 Genel M\u00fcd\u00fcrl\u00fc\u011f\u00fc&#8217;n\u00fcn olumsuz g\u00f6r\u00fc\u015f\u00fc nedeniyle sisteme dahil ettirilemedi. 2013y\u0131l\u0131nda 3. k\u0131s\u0131m sulama sahas\u0131ndaki 4 adet kuyunun pompalar\u0131n\u0131n montaj\u0131, bunlara ba\u011fl\u0131 enerji nakil hatlar\u0131 ve kapal\u0131 yeralt\u0131 ya\u011fmurlama sistemi \u00d6.D.S kapsam\u0131nda yap\u0131mlar\u0131 tamamland\u0131. Elektrik \u015febekesinin ba\u011flant\u0131 s\u00f6zle\u015fmesinin imzalanmas\u0131n\u0131 m\u00fcteakip sulamalar ba\u015flayacak.<\/p>\n\n\n\n<p class=\"has-text-align-left\"> Bunun yan\u0131nda 1. k\u0131s\u0131m sulama sahas\u0131 ile k\u00f6y\u00fcm\u00fcz kaynak suyu aras\u0131nda bulunan bah\u00e7eler ve tar\u0131m arazilerinin damlama olarak kaynak suyundan sulanmas\u0131 i\u00e7in KOP idaresi ve \u0130l \u00d6zel \u0130daresi yetkilileri ile projelendirme \u00e7al\u0131\u015fmalar\u0131 yap\u0131ld\u0131. 2014 y\u0131l\u0131 damlama projesinin finansman\u0131 KOP idaresince sa\u011flanarak ihale a\u015famas\u0131na geldi. Proje \u0130l \u00d6zel \u0130daresi&#8217;nin kapat\u0131lmas\u0131ndan \u00f6t\u00fcr\u00fc \u00e7al\u0131\u015fmalar B\u00fcy\u00fck\u015fehir Belediyesi K\u0131rsal Hizmetler Daire Ba\u015fkanl\u0131\u011f\u0131 ile devam ettirildi. <\/p>\n\n\n\n<p class=\"has-text-align-left\">3. k\u0131s\u0131m elektrik ba\u011flant\u0131 s\u00f6zle\u015fmesi D.S.\u0130 ile MEDA\u015e aras\u0131ndaki meydana gelen k\u0131s\u0131r d\u00f6ng\u00fc nedeniyle yap\u0131lamad\u0131. 2016 y\u0131l\u0131nda damlama projesinin yeralt\u0131 borular\u0131n\u0131n d\u00f6\u015fenmesi pompa istasyonu yap\u0131m\u0131 pompalar\u0131m montajlar\u0131 tamamland\u0131. Enerji nakil hatt\u0131 \u00e7ekilerek ba\u011flant\u0131lar\u0131 yap\u0131ld\u0131. 3. K\u0131s\u0131m sulama sahas\u0131ndaki elektrik ba\u011flant\u0131 s\u00f6zle\u015fmesi torba yasa ile d\u00fczenleme yap\u0131larak imzaland\u0131. <\/p>\n\n\n\n<p class=\"has-text-align-left\">2017 y\u0131l\u0131nda frekans konvert\u00f6rl\u00fc 3 adet pompa ile \u00f6n \u00f6demeli saya\u00e7larla damlama sulama sistemi \u00e7al\u0131\u015fmaya ba\u015flad\u0131. 3. k\u0131s\u0131m proje alan\u0131ndaki su a\u00e7\u0131\u011f\u0131n\u0131n kapat\u0131lmas\u0131 amac\u0131yla kop1 kuyusu hizmete al\u0131nd\u0131. <\/p>\n\n\n\n<p class=\"has-text-align-left\">2019 y\u0131l\u0131nda 51533 nolu kuyunun salma sulama sistemine g\u00f6re projelendirilmesinden kaynakl\u0131 s\u0131k\u0131\u015f\u0131kl\u0131k kop2 ile giderildi.<\/p>\n\n\n\n<p class=\"has-text-align-left\"> 57218 nolu kuyuda su \u00e7ekilmesi nedeniyle yenileme talebi devir i\u015flemlerinin tamamlanmamas\u0131 nedeniyle kar\u015f\u0131lanamad\u0131\u011f\u0131ndan kooperatifimizce 140 metre derinli\u011finde kuyu a\u00e7\u0131larak  sorun giderildi. <\/p>\n\n\n\n<p class=\"has-text-align-left\">2020 y\u0131l\u0131nda damlama projesinde su temininde s\u0131k\u0131nt\u0131lar ba\u015flamas\u0131ndan C sulama hatt\u0131na kop3 B sulama hatt\u0131na kop4 a\u00e7\u0131larak sistem ba\u011flant\u0131s\u0131 yap\u0131ld\u0131.<\/p>\n\n\n\n<p>2021 y\u0131l\u0131nda damlam proje sahas\u0131 A hatt\u0131na kop4 kuyusu a\u00e7\u0131larak sistem ba\u011flant\u0131s\u0131 yap\u0131larak hizmete al\u0131nd\u0131. <\/p>\n\n\n\n<p><\/p>\n","protected":false},"excerpt":{"rendered":"<p>Kooperatifimiz 1986 y\u0131l\u0131nda 15 kurucu \u00fcye ile kuruldu. Birtak\u0131m \u00f6nyarg\u0131lara ra\u011fmen \u00e7al\u0131\u015fmalar\u0131n\u0131 devam ettiren ilk Y\u00f6netim Kurulu 1987 y\u0131l\u0131ndan bu yana kuyular\u0131n a\u00e7\u0131lmas\u0131, enerji nakil hatlar\u0131n\u0131n \u00e7ekilmesi, pompalar\u0131n kuyulara montaj\u0131, k\u0131smen sulama kanallar\u0131n\u0131n yap\u0131lmas\u0131 ile 1993 y\u0131l\u0131nda 9 adet sulama kuyusu ile 5000 dekar sulama alan\u0131nda topra\u011f\u0131 suya kavu\u015fturdu. 1995 y\u0131l\u0131nda 2. k\u0131s\u0131m sulama projesi [&hellip;]<\/p>\n","protected":false},"author":1,"featured_media":0,"parent":0,"menu_order":0,"comment_status":"closed","ping_status":"closed","template":"","meta":{"saved_in_kubio":true,"footnotes":""},"class_list":["post-206","page","type-page","status-publish","hentry"],"kubio_ai_page_context":{"short_desc":"","purpose":"general"},"_links":{"self":[{"href":"https:\/\/bogrudeliksulama.org.tr\/index.php\/wp-json\/wp\/v2\/pages\/206","targetHints":{"allow":["GET"]}}],"collection":[{"href":"https:\/\/bogrudeliksulama.org.tr\/index.php\/wp-json\/wp\/v2\/pages"}],"about":[{"href":"https:\/\/bogrudeliksulama.org.tr\/index.php\/wp-json\/wp\/v2\/types\/page"}],"author":[{"embeddable":true,"href":"https:\/\/bogrudeliksulama.org.tr\/index.php\/wp-json\/wp\/v2\/users\/1"}],"replies":[{"embeddable":true,"href":"https:\/\/bogrudeliksulama.org.tr\/index.php\/wp-json\/wp\/v2\/comments?post=206"}],"version-history":[{"count":6,"href":"https:\/\/bogrudeliksulama.org.tr\/index.php\/wp-json\/wp\/v2\/pages\/206\/revisions"}],"predecessor-version":[{"id":249,"href":"https:\/\/bogrudeliksulama.org.tr\/index.php\/wp-json\/wp\/v2\/pages\/206\/revisions\/249"}],"wp:attachment":[{"href":"https:\/\/bogrudeliksulama.org.tr\/index.php\/wp-json\/wp\/v2\/media?parent=206"}],"curies":[{"name":"wp","href":"https:\/\/api.w.org\/{rel}","templated":true}]}}