{"id":119,"date":"2024-06-07T09:04:41","date_gmt":"2024-06-07T09:04:41","guid":{"rendered":"https:\/\/bogrudeliksulama.org.tr\/?page_id=119"},"modified":"2025-12-28T15:46:12","modified_gmt":"2025-12-28T15:46:12","slug":"calismalar","status":"publish","type":"page","link":"https:\/\/bogrudeliksulama.org.tr\/index.php\/calismalar\/","title":{"rendered":"\u00c7ALI\u015eMALAR"},"content":{"rendered":"\n<figure class=\"wp-block-image size-large\"><img loading=\"lazy\" decoding=\"async\" width=\"1024\" height=\"576\" src=\"https:\/\/bogrudeliksulama.org.tr\/wp-content\/uploads\/2025\/12\/WhatsApp-Image-2025-12-28-at-18.26.44-1024x576.jpeg\" alt=\"\" class=\"wp-image-261\" srcset=\"https:\/\/bogrudeliksulama.org.tr\/wp-content\/uploads\/2025\/12\/WhatsApp-Image-2025-12-28-at-18.26.44-1024x576.jpeg 1024w, https:\/\/bogrudeliksulama.org.tr\/wp-content\/uploads\/2025\/12\/WhatsApp-Image-2025-12-28-at-18.26.44-300x169.jpeg 300w, https:\/\/bogrudeliksulama.org.tr\/wp-content\/uploads\/2025\/12\/WhatsApp-Image-2025-12-28-at-18.26.44-768x432.jpeg 768w, https:\/\/bogrudeliksulama.org.tr\/wp-content\/uploads\/2025\/12\/WhatsApp-Image-2025-12-28-at-18.26.44-1536x864.jpeg 1536w, https:\/\/bogrudeliksulama.org.tr\/wp-content\/uploads\/2025\/12\/WhatsApp-Image-2025-12-28-at-18.26.44.jpeg 1599w\" sizes=\"(max-width: 1024px) 100vw, 1024px\" \/><figcaption class=\"wp-element-caption\">2.K\u0131s\u0131m kuyu yenileme \u00e7al\u0131\u015fmas\u0131<\/figcaption><\/figure>\n\n\n\n<figure class=\"wp-block-image size-large is-resized is-style-default\"><img loading=\"lazy\" decoding=\"async\" width=\"1024\" height=\"460\" src=\"https:\/\/bogrudeliksulama.org.tr\/wp-content\/uploads\/2025\/12\/WhatsApp-Image-2025-12-28-at-18.26.57-1024x460.jpeg\" alt=\"\" class=\"wp-image-254\" style=\"aspect-ratio:3\/2;object-fit:cover;width:900px;height:auto\" srcset=\"https:\/\/bogrudeliksulama.org.tr\/wp-content\/uploads\/2025\/12\/WhatsApp-Image-2025-12-28-at-18.26.57-1024x460.jpeg 1024w, https:\/\/bogrudeliksulama.org.tr\/wp-content\/uploads\/2025\/12\/WhatsApp-Image-2025-12-28-at-18.26.57-300x135.jpeg 300w, https:\/\/bogrudeliksulama.org.tr\/wp-content\/uploads\/2025\/12\/WhatsApp-Image-2025-12-28-at-18.26.57-768x345.jpeg 768w, https:\/\/bogrudeliksulama.org.tr\/wp-content\/uploads\/2025\/12\/WhatsApp-Image-2025-12-28-at-18.26.57-1536x690.jpeg 1536w, https:\/\/bogrudeliksulama.org.tr\/wp-content\/uploads\/2025\/12\/WhatsApp-Image-2025-12-28-at-18.26.57.jpeg 1600w\" sizes=\"(max-width: 1024px) 100vw, 1024px\" \/><figcaption class=\"wp-element-caption\">ENHANCER pro\u011fram\u0131 kapsam\u0131nda GES \u00e7al\u0131\u015fmas\u0131<\/figcaption><\/figure>\n\n\n\n<div class=\"wp-block-cover is-light\"><video class=\"wp-block-cover__video-background intrinsic-ignore\" autoplay muted loop playsinline src=\"https:\/\/bogrudeliksulama.org.tr\/wp-content\/uploads\/2025\/12\/WhatsApp-Video-2025-12-28-at-18.24.30.mp4\" data-object-fit=\"cover\"><\/video><span aria-hidden=\"true\" class=\"wp-block-cover__background has-background-dim\" style=\"background-color:#FFF\"><\/span><div class=\"wp-block-cover__inner-container is-layout-flow wp-block-cover-is-layout-flow\">\n<p class=\"has-text-align-center has-large-font-size\"><strong>3.K\u0131s\u0131m kuyu yenileme <\/strong><\/p>\n<\/div><\/div>\n","protected":false},"excerpt":{"rendered":"","protected":false},"author":1,"featured_media":0,"parent":0,"menu_order":0,"comment_status":"closed","ping_status":"closed","template":"","meta":{"saved_in_kubio":true,"footnotes":""},"class_list":["post-119","page","type-page","status-publish","hentry"],"kubio_ai_page_context":{"short_desc":"","purpose":"general"},"_links":{"self":[{"href":"https:\/\/bogrudeliksulama.org.tr\/index.php\/wp-json\/wp\/v2\/pages\/119","targetHints":{"allow":["GET"]}}],"collection":[{"href":"https:\/\/bogrudeliksulama.org.tr\/index.php\/wp-json\/wp\/v2\/pages"}],"about":[{"href":"https:\/\/bogrudeliksulama.org.tr\/index.php\/wp-json\/wp\/v2\/types\/page"}],"author":[{"embeddable":true,"href":"https:\/\/bogrudeliksulama.org.tr\/index.php\/wp-json\/wp\/v2\/users\/1"}],"replies":[{"embeddable":true,"href":"https:\/\/bogrudeliksulama.org.tr\/index.php\/wp-json\/wp\/v2\/comments?post=119"}],"version-history":[{"count":10,"href":"https:\/\/bogrudeliksulama.org.tr\/index.php\/wp-json\/wp\/v2\/pages\/119\/revisions"}],"predecessor-version":[{"id":262,"href":"https:\/\/bogrudeliksulama.org.tr\/index.php\/wp-json\/wp\/v2\/pages\/119\/revisions\/262"}],"wp:attachment":[{"href":"https:\/\/bogrudeliksulama.org.tr\/index.php\/wp-json\/wp\/v2\/media?parent=119"}],"curies":[{"name":"wp","href":"https:\/\/api.w.org\/{rel}","templated":true}]}}